{"id":523,"date":"2024-09-13T17:50:59","date_gmt":"2024-09-13T15:50:59","guid":{"rendered":"https:\/\/cap-intelligence-emotionnelle.com\/?page_id=523"},"modified":"2025-04-09T21:58:42","modified_gmt":"2025-04-09T19:58:42","slug":"les-differents-types-de-coaching","status":"publish","type":"page","link":"https:\/\/cap-intelligence-emotionnelle.com\/index.php\/les-differents-types-de-coaching\/","title":{"rendered":"Le coaching"},"content":{"rendered":"\t\t<div data-elementor-type=\"wp-page\" data-elementor-id=\"523\" class=\"elementor elementor-523\">\n\t\t\t\t\t\t<section class=\"elementor-section elementor-top-section elementor-element elementor-element-f11eeb1 elementor-section-boxed elementor-section-height-default elementor-section-height-default wpr-particle-no wpr-jarallax-no wpr-parallax-no wpr-sticky-section-no\" data-id=\"f11eeb1\" data-element_type=\"section\">\n\t\t\t\t\t\t<div class=\"elementor-container elementor-column-gap-default\">\n\t\t\t\t\t<div class=\"elementor-column elementor-col-100 elementor-top-column elementor-element elementor-element-9c69538\" data-id=\"9c69538\" data-element_type=\"column\">\n\t\t\t<div class=\"elementor-widget-wrap elementor-element-populated\">\n\t\t\t\t\t\t<div class=\"elementor-element elementor-element-5658104 elementor-widget elementor-widget-heading\" data-id=\"5658104\" data-element_type=\"widget\" data-widget_type=\"heading.default\">\n\t\t\t\t<div class=\"elementor-widget-container\">\n\t\t\t<h2 class=\"elementor-heading-title elementor-size-default\">Le coaching individuel<\/h2>\t\t<\/div>\n\t\t\t\t<\/div>\n\t\t\t\t<section class=\"elementor-section elementor-inner-section elementor-element elementor-element-2e28b1d elementor-section-boxed elementor-section-height-default elementor-section-height-default wpr-particle-no wpr-jarallax-no wpr-parallax-no wpr-sticky-section-no\" data-id=\"2e28b1d\" data-element_type=\"section\">\n\t\t\t\t\t\t<div class=\"elementor-container elementor-column-gap-default\">\n\t\t\t\t\t<div class=\"elementor-column elementor-col-50 elementor-inner-column elementor-element elementor-element-7f47b9a\" data-id=\"7f47b9a\" data-element_type=\"column\">\n\t\t\t<div class=\"elementor-widget-wrap elementor-element-populated\">\n\t\t\t\t\t\t<div class=\"elementor-element elementor-element-138e2d1 elementor-widget elementor-widget-image\" data-id=\"138e2d1\" data-element_type=\"widget\" data-widget_type=\"image.default\">\n\t\t\t\t<div class=\"elementor-widget-container\">\n\t\t\t\t\t\t\t\t\t\t\t\t\t<img fetchpriority=\"high\" decoding=\"async\" width=\"683\" height=\"1024\" src=\"https:\/\/cap-intelligence-emotionnelle.com\/wp-content\/uploads\/2024\/09\/Insta-Academy-Claudie-54-683x1024.jpg\" class=\"attachment-large size-large wp-image-542\" alt=\"coaching individuel\" srcset=\"https:\/\/cap-intelligence-emotionnelle.com\/wp-content\/uploads\/2024\/09\/Insta-Academy-Claudie-54-683x1024.jpg 683w, https:\/\/cap-intelligence-emotionnelle.com\/wp-content\/uploads\/2024\/09\/Insta-Academy-Claudie-54-200x300.jpg 200w, https:\/\/cap-intelligence-emotionnelle.com\/wp-content\/uploads\/2024\/09\/Insta-Academy-Claudie-54-768x1152.jpg 768w, https:\/\/cap-intelligence-emotionnelle.com\/wp-content\/uploads\/2024\/09\/Insta-Academy-Claudie-54-1024x1536.jpg 1024w, https:\/\/cap-intelligence-emotionnelle.com\/wp-content\/uploads\/2024\/09\/Insta-Academy-Claudie-54-1365x2048.jpg 1365w, https:\/\/cap-intelligence-emotionnelle.com\/wp-content\/uploads\/2024\/09\/Insta-Academy-Claudie-54-scaled.jpg 1707w\" sizes=\"(max-width: 683px) 100vw, 683px\" \/>\t\t\t\t\t\t\t\t\t\t\t\t\t<\/div>\n\t\t\t\t<\/div>\n\t\t\t\t\t<\/div>\n\t\t<\/div>\n\t\t\t\t<div class=\"elementor-column elementor-col-50 elementor-inner-column elementor-element elementor-element-feaea1f\" data-id=\"feaea1f\" data-element_type=\"column\">\n\t\t\t<div class=\"elementor-widget-wrap elementor-element-populated\">\n\t\t\t\t\t\t<div class=\"elementor-element elementor-element-7be0a0b elementor-widget elementor-widget-text-editor\" data-id=\"7be0a0b\" data-element_type=\"widget\" data-widget_type=\"text-editor.default\">\n\t\t\t\t<div class=\"elementor-widget-container\">\n\t\t\t\t\t\t\t<p>En pr\u00e9sentiel comme en visioconf\u00e9rence, le coaching individuel est un processus tr\u00e8s puissant.\u00a0<\/p><p>L&#8217;objectif du coaching peut \u00eatre, ou non, partag\u00e9 avec le management. Il doit \u00eatre clairement d\u00e9fini d\u00e8s le d\u00e9part. Une s\u00e9ance pr\u00e9alable peut \u00eatre programm\u00e9e pour l&#8217;aide \u00e0 la d\u00e9finition de l&#8217;objectif.\u00a0<\/p><p>Apr\u00e8s une premi\u00e8re \u00e9valuation, je pr\u00e9conise un nombre de s\u00e9ances, la dur\u00e9e des s\u00e9ances,\u00a0 la p\u00e9riodicit\u00e9 ainsi que l&#8217;\u00e9ventuelle charge de travail entre deux s\u00e9ances (variables selon les personnes). Un devis est alors \u00e9mis.<\/p><p>Nous nous mettons d&#8217;accord et planifions ensemble les s\u00e9ances.<\/p>\t\t\t\t\t\t<\/div>\n\t\t\t\t<\/div>\n\t\t\t\t\t<\/div>\n\t\t<\/div>\n\t\t\t\t\t<\/div>\n\t\t<\/section>\n\t\t\t\t<div class=\"elementor-element elementor-element-b9e026b elementor-widget elementor-widget-spacer\" data-id=\"b9e026b\" data-element_type=\"widget\" data-widget_type=\"spacer.default\">\n\t\t\t\t<div class=\"elementor-widget-container\">\n\t\t\t\t\t<div class=\"elementor-spacer\">\n\t\t\t<div class=\"elementor-spacer-inner\"><\/div>\n\t\t<\/div>\n\t\t\t\t<\/div>\n\t\t\t\t<\/div>\n\t\t\t\t\t<\/div>\n\t\t<\/div>\n\t\t\t\t\t<\/div>\n\t\t<\/section>\n\t\t\t\t<section class=\"elementor-section elementor-top-section elementor-element elementor-element-3778744 elementor-section-boxed elementor-section-height-default elementor-section-height-default wpr-particle-no wpr-jarallax-no wpr-parallax-no wpr-sticky-section-no\" data-id=\"3778744\" data-element_type=\"section\">\n\t\t\t\t\t\t<div class=\"elementor-container elementor-column-gap-default\">\n\t\t\t\t\t<div class=\"elementor-column elementor-col-100 elementor-top-column elementor-element elementor-element-e3abddf\" data-id=\"e3abddf\" data-element_type=\"column\">\n\t\t\t<div class=\"elementor-widget-wrap elementor-element-populated\">\n\t\t\t\t\t\t<div class=\"elementor-element elementor-element-b55c2ae elementor-widget elementor-widget-heading\" data-id=\"b55c2ae\" data-element_type=\"widget\" data-widget_type=\"heading.default\">\n\t\t\t\t<div class=\"elementor-widget-container\">\n\t\t\t<h2 class=\"elementor-heading-title elementor-size-default\">Le coaching de groupe<\/h2>\t\t<\/div>\n\t\t\t\t<\/div>\n\t\t\t\t<section class=\"elementor-section elementor-inner-section elementor-element elementor-element-beb3c81 elementor-section-boxed elementor-section-height-default elementor-section-height-default wpr-particle-no wpr-jarallax-no wpr-parallax-no wpr-sticky-section-no\" data-id=\"beb3c81\" data-element_type=\"section\">\n\t\t\t\t\t\t<div class=\"elementor-container elementor-column-gap-default\">\n\t\t\t\t\t<div class=\"elementor-column elementor-col-50 elementor-inner-column elementor-element elementor-element-5df88b6\" data-id=\"5df88b6\" data-element_type=\"column\">\n\t\t\t<div class=\"elementor-widget-wrap elementor-element-populated\">\n\t\t\t\t\t\t<div class=\"elementor-element elementor-element-7a1738a elementor-widget elementor-widget-image\" data-id=\"7a1738a\" data-element_type=\"widget\" data-widget_type=\"image.default\">\n\t\t\t\t<div class=\"elementor-widget-container\">\n\t\t\t\t\t\t\t\t\t\t\t\t\t<img decoding=\"async\" width=\"768\" height=\"1024\" src=\"https:\/\/cap-intelligence-emotionnelle.com\/wp-content\/uploads\/2024\/09\/IMG_7412-768x1024.jpg\" class=\"attachment-large size-large wp-image-534\" alt=\"Coaching de groupe\" srcset=\"https:\/\/cap-intelligence-emotionnelle.com\/wp-content\/uploads\/2024\/09\/IMG_7412-768x1024.jpg 768w, https:\/\/cap-intelligence-emotionnelle.com\/wp-content\/uploads\/2024\/09\/IMG_7412-225x300.jpg 225w, https:\/\/cap-intelligence-emotionnelle.com\/wp-content\/uploads\/2024\/09\/IMG_7412-1152x1536.jpg 1152w, https:\/\/cap-intelligence-emotionnelle.com\/wp-content\/uploads\/2024\/09\/IMG_7412-1536x2048.jpg 1536w, https:\/\/cap-intelligence-emotionnelle.com\/wp-content\/uploads\/2024\/09\/IMG_7412-scaled.jpg 1920w\" sizes=\"(max-width: 768px) 100vw, 768px\" \/>\t\t\t\t\t\t\t\t\t\t\t\t\t<\/div>\n\t\t\t\t<\/div>\n\t\t\t\t\t<\/div>\n\t\t<\/div>\n\t\t\t\t<div class=\"elementor-column elementor-col-50 elementor-inner-column elementor-element elementor-element-f35bb14\" data-id=\"f35bb14\" data-element_type=\"column\">\n\t\t\t<div class=\"elementor-widget-wrap elementor-element-populated\">\n\t\t\t\t\t\t<div class=\"elementor-element elementor-element-683a021 elementor-widget elementor-widget-text-editor\" data-id=\"683a021\" data-element_type=\"widget\" data-widget_type=\"text-editor.default\">\n\t\t\t\t<div class=\"elementor-widget-container\">\n\t\t\t\t\t\t\t<p>C&#8217;est un processus d&#8217;accompagnement collectif visant \u00e0 d\u00e9velopper les comp\u00e9tences d&#8217;une \u00e9quipe ou d&#8217;un groupe de collaborateurs.\u00a0<\/p><p>L&#8217;objectif va alors \u00eatre commun au groupe.\u00a0 Il est d\u00e9fini au d\u00e9but de l&#8217;accompagnement ensemble. S&#8217;il est difficile \u00e0 \u00e9tablir, nous commen\u00e7ons par une \u00e9tape pr\u00e9alable au coaching : la d\u00e9finition de l&#8217;objectif. Cela va de soi !<\/p><p>La dynamique est alors bien diff\u00e9rente du coaching individuel puisque chaque participant va influer sur le syst\u00e8me mis en place.\u00a0<\/p><p>Il revient au coach de cr\u00e9er un environnement s\u00e9curis\u00e9 et propice aux apprentissages pour que les \u00e9changes soient de qualit\u00e9.\u00a0<\/p><p>Les avantages : renforcement de la coh\u00e9sion, r\u00e9sultats concrets et observables de tous, plans d&#8217;actions clairs avec mise en place soit de consensus, soit de consentement, plaisir d&#8217;avancer ensemble, identification des diff\u00e9rentes personnalit\u00e9s\u00a0<\/p>\t\t\t\t\t\t<\/div>\n\t\t\t\t<\/div>\n\t\t\t\t\t<\/div>\n\t\t<\/div>\n\t\t\t\t\t<\/div>\n\t\t<\/section>\n\t\t\t\t\t<\/div>\n\t\t<\/div>\n\t\t\t\t\t<\/div>\n\t\t<\/section>\n\t\t\t\t<\/div>\n\t\t","protected":false},"excerpt":{"rendered":"<p>Le coaching individuel En pr\u00e9sentiel comme en visioconf\u00e9rence, le coaching individuel est un processus tr\u00e8s puissant.\u00a0 L&#8217;objectif du coaching peut \u00eatre, ou non, partag\u00e9 avec le management. Il doit \u00eatre clairement d\u00e9fini d\u00e8s le d\u00e9part. Une s\u00e9ance pr\u00e9alable peut \u00eatre programm\u00e9e pour l&#8217;aide \u00e0 la d\u00e9finition de l&#8217;objectif.\u00a0 Apr\u00e8s une premi\u00e8re \u00e9valuation, je pr\u00e9conise un <a class=\"read-more\" href=\"https:\/\/cap-intelligence-emotionnelle.com\/index.php\/les-differents-types-de-coaching\/\">READ MORE<\/a><\/p>\n","protected":false},"author":1,"featured_media":0,"parent":0,"menu_order":0,"comment_status":"closed","ping_status":"closed","template":"","meta":{"footnotes":""},"class_list":["post-523","page","type-page","status-publish","hentry"],"_links":{"self":[{"href":"https:\/\/cap-intelligence-emotionnelle.com\/index.php\/wp-json\/wp\/v2\/pages\/523","targetHints":{"allow":["GET"]}}],"collection":[{"href":"https:\/\/cap-intelligence-emotionnelle.com\/index.php\/wp-json\/wp\/v2\/pages"}],"about":[{"href":"https:\/\/cap-intelligence-emotionnelle.com\/index.php\/wp-json\/wp\/v2\/types\/page"}],"author":[{"embeddable":true,"href":"https:\/\/cap-intelligence-emotionnelle.com\/index.php\/wp-json\/wp\/v2\/users\/1"}],"replies":[{"embeddable":true,"href":"https:\/\/cap-intelligence-emotionnelle.com\/index.php\/wp-json\/wp\/v2\/comments?post=523"}],"version-history":[{"count":24,"href":"https:\/\/cap-intelligence-emotionnelle.com\/index.php\/wp-json\/wp\/v2\/pages\/523\/revisions"}],"predecessor-version":[{"id":1045,"href":"https:\/\/cap-intelligence-emotionnelle.com\/index.php\/wp-json\/wp\/v2\/pages\/523\/revisions\/1045"}],"wp:attachment":[{"href":"https:\/\/cap-intelligence-emotionnelle.com\/index.php\/wp-json\/wp\/v2\/media?parent=523"}],"curies":[{"name":"wp","href":"https:\/\/api.w.org\/{rel}","templated":true}]}}